58*j**2 + 9829*j + 338. Give x(30).
8
Let l(u) = 36*u**2 - 202*u + 8. What is l(8)?
696
Let x(l) = -797*l - 31838. What is x(-40)?
42
Let s(k) = 121110*k + 10052135. Calculate s(-83).
5
Let k(w) = -w**2 - 87*w + 7308. Give k(-145).
-1102
Let j(m) = 2*m**3 + 354*m**2 - 768*m - 9313. Calculate j(-179).
-5
Let i(r) = 7*r**3 - 31*r**2 - 158*r + 571. Give i(3).
7
Let m(j) = -5*j**3 - 105*j**2 + 184*j + 3722. Calculate m(-21).
-142
Let l(j) = -852*j - 13301. Calculate l(-16).
331
Let t(d) = -399*d**2 + 4469*d + 72. Give t(11).
952
Let k(g) = 16*g**2 + 25186*g + 175538. Determine k(-7).
20
Let v(p) = p**3 + 39*p**2 - 20*p - 243. What is v(-41)?
-2785
Let d(p) = 2*p**3 + 241*p**2 - 5467*p - 984. Determine d(-140).
-4
Let v(p) = 2478*p + 79267. Give v(-32).
-29
Let s(j) = -4677*j - 98370. What is s(-21)?
-153
Let d(p) = -p**3 + 150*p**2 - 259*p - 26750. Calculate d(147).
4
Let v(q) = 17*q**2 - 199*q + 163. What is v(11)?
31
Let y(a) = -1940*a + 242368. Calculate y(125).
-132
Let x(l) = -l**2 + 7250*l - 2224212. Give x(321).
-3
Let o(m) = -m**2 + 12*m + 81915. Determine o(-278).
1295
Let q(p) = p**3 - 275*p**2 - 200*p - 21093. Determine q(276).
-117
Let y(c) = -389*c - 12287. Calculate y(-30).
-617
Let r(a) = -a**3 + 828*a**2 + 1879*a - 181758. What is r(830)?
12
Let v(r) = 3*r**2 + 753*r - 34925. Give v(-291).
-5
Let h(a) = 5*a**2 - 1763*a + 6279. Give h(349).
-3
Let t(m) = -2*m**3 + 23*m**2 - 8473*m + 101812. What is t(12)?
-8
Let v(y) = 4*y**2 + 53*y + 1188. What is v(-17)?
1443
Let n(z) = -18*z + 1522. Determine n(76).
154
Let y(c) = 6*c**2 + 1156*c + 55554. What is y(-103)?
140
Let u(s) = 263944*s - 20851584. Determine u(79).
-8
Let q(l) = 3*l**2 + 41*l - 17731. Give q(-84).
-7
Let d(c) = c**3 + 161*c**2 - 170*c - 1317. What is d(-162)?
-21
Let z(t) = 501*t + 1510. Determine z(-3).
7
Let j(p) = 498001*p - 2987995. Give j(6).
11
Let m(t) = -t**3 + 51*t**2 - 207*t + 13455. Calculate m(52).
-13
Let j(z) = z**3 - 111*z**2 - 725*z + 2668. Give j(117).
-23
Let g(o) = 6*o**2 + 87*o + 144. What is g(-9)?
-153
Let r(w) = -278226*w + 9181448. Give r(33).
-10
Let d(u) = 100*u**2 + 14*u + 32. Give d(-3).
890
Let w(s) = -s**3 - 7*s**2 + 362*s + 22. What is w(13)?
1348
Let v(z) = 817*z - 46525. Determine v(57).
44
Let v(a) = 7*a**2 + 305*a - 46. Determine v(-46).
736
Let d(t) = t**3 + 23*t**2 - 12*t + 688. Calculate d(-25).
-262
Let h(v) = -8*v**2 + 323*v + 1600. Give h(45).
-65
Let i(y) = -y**3 + 488*y**2 + 55*y + 212181. Calculate i(489).
-45
Let z(j) = 566*j**2 + 17535*j - 365. What is z(-31)?
-24
Let t(c) = -3*c**2 + 356*c - 3885. Determine t(107).
-140
Let j(t) = 210576*t - 1052889. Calculate j(5).
-9
Let c(u) = 7*u**2 + 127*u - 1652. What is c(18)?
2902
Let v(q) = -19*q**2 + 1366*q + 177. Determine v(72).
33
Let y(c) = -2*c**3 + 9*c**2 - 6*c + 99. Calculate y(7).
-188
Let r(l) = -1896*l + 90958. Determine r(48).
-50
Let r(t) = -2*t**3 + 28*t**2 + 412*t - 4908. Give r(12).
612
Let f(k) = k**3 - 7*k**2 + 5*k - 203. Determine f(7).
-168
Let v(u) = 2*u**3 + 123*u**2 + 47*u + 486. Give v(-61).
1340
Let u(h) = 5*h**2 + 276*h - 225. Calculate u(-55).
-280
Let c(s) = 8*s**2 - 930*s + 3789. Calculate c(112).
-19
Let l(u) = 19*u**2 + 2020*u - 23861. Give l(-117).
-110
Let t(y) = 844809*y + 10982520. Determine t(-13).
3
Let x(c) = -c**3 + 26*c**2 + 54*c + 98. What is x(30)?
-1882
Let t(r) = 12*r**3 + 441*r**2 - 169*r - 2211. Determine t(-37).
-65
Let j(x) = -33*x**2 - 359*x - 252. Calculate j(-10).
38
Let k(t) = 1556*t - 271215. Determine k(174).
-471
Let p(g) = 2*g**3 - 39*g**2 - 397*g + 8494. Give p(20).
954
Let j(u) = 605*u**3 - 3*u**2 + 9*u - 6. Determine j(1).
605
Let n(s) = 5*s**2 + 1722*s - 35912. Determine n(-364).
-240
Let l(v) = -61133*v - 427938. Give l(-7).
-7
Let j(l) = -16853*l + 84074. What is j(5)?
-191
Let l(u) = 700*u + 21279. Give l(-29).
979
Let t(i) = 2*i**2 + 8241*i + 455211. What is t(-56)?
-13
Let u(y) = 350*y + 1247. Give u(-4).
-153
Let o(p) = -5898*p - 29401. Give o(-5).
89
Let q(h) = -h**3 + 16*h**2 + 23*h - 1. What is q(18)?
-235
Let v(k) = k**2 - 35715*k - 2361587. Determine v(-66).
-41
Let a(l) = -211*l + 9820. Give a(44).
536
Let j(x) = -x**3 - 270*x**2 - 4286*x + 3789. Determine j(-253).
-6
Let a(b) = 4*b**2 + 48069*b - 96140. Give a(2).
14
Let q(s) = 13*s**3 + 74*s**2 + 66*s - 15. What is q(-4)?
73
Let p(b) = -2060490*b - 41209801. Calculate p(-20).
-1
Let f(d) = -1184*d + 1601945. Calculate f(1353).
-7
Let j(d) = d**2 - 257*d - 113446. What is j(489)?
2
Let j(u) = u**2 + 23873*u + 6978799. Calculate j(-296).
7
Let g(r) = 1242*r**2 - 78244*r - 122. Calculate g(63).
4
Let o(s) = 1951*s - 35113. Calculate o(18).
5
Let x(s) = -9*s**3 - 80*s**2 + 2005*s + 17. Determine x(-20).
-83
Let m(l) = -60*l**2 - 8464*l - 540. Give m(-141).
24
Let h(f) = -139*f - 6276. Give h(-36).
-1272
Let f(w) = -2*w**2 - 1300*w - 48511. Calculate f(-40).
289
Let a(t) = -t**3 - 11*t**2 - 35*t - 77. Calculate a(-4).
-49
Let r(o) = -o**3 - 20*o**2 + 35*o + 295. What is r(-21)?
1
Let c(x) = -x**2 + 188*x - 1959. Calculate c(11).
-12
Let c(i) = 2*i**3 - 118*i**2 - 181*i + 3864. Calculate c(60).
204
Let i(q) = -4*q**2 + 148*q - 170. Calculate i(35).
110
Let b(a) = a**3 - 211*a**2 + 2038*a - 278. What is b(10)?
2
Let y(i) = -2289*i + 206456. Give y(90).
446
Let k(r) = -5*r**2 - 23916*r + 1135125. Give k(47).
28
Let p(t) = -3085*t + 3217. Calculate p(1).
132
Let h(u) = -2193*u - 695810. Give h(-317).
-629
Let s(d) = -d**3 + 285*d**2 - 8317*d + 70. Determine s(33).
37
Let z(x) = x**2 + 179*x - 1390. Give z(7).
-88
Let c(s) = -11*s**2 + 2446*s - 4849. What is c(2)?
-1
Let r(l) = -l**2 - 685*l + 25163. Calculate r(34).
717
Let c(i) = -6*i**3 + 1136*i**2 + 736*i + 4335. Calculate c(190).
-225
Let j(v) = -143189*v + 286382. What is j(2)?
4
Let p(i) = 426*i - 38006. Give p(81).
-3500
Let n(i) = -3974*i + 50680. What is n(13)?
-982
Let f(t) = -12*t**2 + 400*t - 200. What is f(32)?
312
Let i(k) = -88*k**2 + 408*k - 2. Calculate i(4).
222
Let k(x) = 1128*x**3 + 817800*x**2 + x + 720. Give k(-725).
-5
Let i(x) = x**3 + 119*x**2 - 5968*x + 193. Calculate i(38).
117
Let g(m) = -1072*m - 365505. Give g(-341).
47
Let j(s) = 417*s**3 + 12927*s**2 - 201. Calculate j(-31).
-201
Let c(f) = 2*f**3 - 222*f**2 - 3328*f + 12890. Calculate c(124).
-6
Let m(f) = 504*f + 26091. Calculate m(-62).
-5157
Let s(u) = -1180*u - 624093. What is s(-529)?
127
Let x(r) = r**3 + 42*r**2 + 424*r - 31. Calculate x(-18).
113
Let h(o) = -o**3 + 8*o**2 + 29*o + 48. What is h(7)?
300
Let t(k) = -k**2 + 485*k + 1814. Determine t(-4).
-142
Let r(a) = -5*a**3 + 135*a**2 - 566*a + 109. Give r(5).
29
Let a(n) = n**2 - 206*n - 8221. Calculate a(239).
-334
Let b(k) = -6479*k + 31631. Calculate b(5).
-764
Let l(h) = -9*h**2 - 168*h - 197. Give l(-17).
58
Let x(n) = -5*n**2 + 170*n + 5107. Give x(54).
-293
Let p(w) = 22*w**3 - 41*w**2 + 5*w - 4. Calculate p(4).
768
Let x(s) = 18115*s - 326068. Determine x(18).
2
Let d(j) = -1282*j - 172327. Calculate d(-134).
-539
Let b(a) = a**3 + 94*a**2 + 1466*a + 152. Give b(-74).
1188
Let n(l) = -2*l**3 + 110*l**2 - 750*l - 142. Give n(47).
-48
Let z(h) = 22521*h + 2860176. Give z(-127).
9
Let d(l) = 60*l**2 + 2637*l - 122. Give d(-44).
10
Let i(z) = z**2 - 7322*z + 189702. Calculate i(26).
6
Let a(r) = r**3 + 714*r**2 + 30102*r - 1966. What is a(-669)?
41
Let f(w) = -6440*w + 689062. Determine f(107).
-18
Let s(i) = -6*i**3 - 53*i**2 - 22*i - 34. What is s(-1)?
-59
Let d(a) = -24329*a + 2262581. Give d(93).
-16
Let k(y) = 2*y**3 + 116*y**2 - 8*y + 506. What is k(-58)?
970
Let s(l) = -7606*l - 121604. Calculate s(-16).
92
Let i(z) = 60*z**2 - 2778*z + 6234. What is i(44)?
162
Let x(l) = -907*l - 151341. Calculate x(-167).
128
Let m(c) = 314*c**2 + 2540*c + 11. Determine m(-8).
-213
Let z(a) = -2*a**2 + 15037*a + 75124. Calculate z(-5).
-111
Let d(z) = -31*z - 1848. Calculate d(-4).
-1724
Let c(x) = -84*x**2 + 17*x - 63. What is c(3)?
-768
Let r(g) = -g**2 - 4041*g - 148165. Determine r(-37).
-17
Let t(m) = -8564*m - 171203. What is t(-20)?
77
Let y(x) = -210*x + 30953. Give y(144).
713
Let o(c) = 539*c**2 - 21*c + 23. Calculate o(1).
541
Let k(q) = 3*q**3 - 128*q**2 + 1138*q - 50501. Calculate k(43).
282
Let x(z) = 29019*z - 58074. Give x(2).
-36
Let z(b) = -3*b**2 + 136*b + 